en 66/(5/2 + z) is divided by o?
14
Suppose 5*v - 110 = 5*o, 22 - 90 = -3*v + 5*o. Calculate the remainder when 103 is divided by v.
19
Suppose 2*r = -3*d + 6*r + 165, 261 = 5*d - 2*r. Suppose 35 = -f + d. What is the remainder when 47 is divided by f?
15
Suppose -3*k + 3*b + 4 = 1, -40 = 5*k + 4*b. Let u(x) = 5*x**2 - 2*x + 8. Let q be u(k). Let h = 63 + q. Calculate the remainder when h is divided by 40.
39
Suppose -4*y - 47 = -19. Calculate the remainder when (-194)/y - 34/(-119) is divided by 6.
4
Suppose -4*x = -19 - 1. Suppose -x*u + 3*b = -64, -3*u - b = u - 58. What is the remainder when u is divided by 6?
2
What is the remainder when 571 is divided by ((-41)/(-8))/((-68)/(-544))?
38
Let c(p) = -2*p. Let i be c(-1). Suppose 0 = i*q + q - 27. Suppose 17*b = 14*b + 75. Calculate the remainder when b is divided by q.
7
Let x(d) = 2*d**2 + 18*d + 63. What is the remainder when 160 is divided by x(-6)?
25
Let z(a) be the first derivative of 2*a**2 - 49*a + 12. Calculate the remainder when 64 is divided by z(17).
7
Let w(h) = 86*h - 33. Calculate the remainder when w(2) is divided by 13.
9
What is the remainder when (168/36)/((-4)/(-72)) is divided by 53?
31
Suppose 5*j - 221 = 419. Suppose 4*l - 132 = 4*w, 3*l - 3*w = 2*l + 33. What is the remainder when j is divided by l?
29
Suppose 441*g - 39 = 438*g. What is the remainder when 73 is divided by g?
8
Let w = 348 - 307. Let m(b) = b - 4. Let u be m(7). What is the remainder when w is divided by (-11)/(2 - u) + 0?
8
Suppose 101 = -n - 126. Let s = -159 - n. Let b = s - 46. What is the remainder when 41 is divided by b?
19
Let p be 12/4 + (1 - -2). Suppose -p*j = 2*j - 64. Let c(a) = a**3 + 7*a**2 + 4*a - 7. What is the remainder when j is divided by c(-6)?
3
Suppose 4*g - 5*k = -485, 4*g + 5*k = 3*k - 506. Let c = -94 - g. What is the remainder when c is divided by 9?
4
Suppose -25*m + 23*m + 134 = 0. What is the remainder when m is divided by 24?
19
Suppose 2*j - 4 = 20. Suppose w = 5*t - 10 + 25, w - j = 2*t. What is the remainder when (-963)/(-33) + 36/(-198) is divided by w?
9
Let c = -869 + 981. Calculate the remainder when c is divided by 39.
34
Suppose -24*j = -139 - 989. Calculate the remainder when 59 is divided by j.
12
Suppose 19*q + 2170 = 50*q. What is the remainder when 224 is divided by q?
14
Suppose 4*m + 7 = 5*m. What is the remainder when m is divided by 3?
1
Let i = -639 - -646. What is the remainder when 21 is divided by i?
0
Let s = 341 - 339. Let l(a) = a**3 - 3*a**2 + 3*a - 5. Let x be l(5). Suppose g = -s*g + x. Calculate the remainder when g is divided by 11.
9
Suppose 17*z - 22*z + 4*g + 272 = 0, 6 = -2*g. Calculate the remainder when z is divided by 14.
10
Suppose 4*d + q - 58 = -0*q, 23 = d - 4*q. Let s = 35 - d. Calculate the remainder when 79 is divided by s.
19
Suppose 13 = -3*q + 34. Suppose 0*t = -2*t + 72. Calculate the remainder when 291/27 - (-8)/t is divided by q.
4
Let h = -83 - -86. Suppose -38 = -7*k - h. Calculate the remainder when 62 is divided by k.
2
Suppose -3*h + 0*x + 5*x - 81 = 0, 0 = 4*h + 2*x + 82. Let b = 32 + h. What is the remainder when 4 is divided by (-8)/14*(-35)/b?
0
Suppose 59 = w + 36. Calculate the remainder when 63 is divided by w.
17
Suppose -4*u - 5*q + 63 = 0, -5*q - 9 = -2*u - 0. Let s(k) = -k**3 - 10*k + 17*k - 19*k - u*k**2 - 3. Calculate the remainder when 13 is divided by s(-11).
5
Suppose 6 = 3*y - 12. Suppose -4*j + y = -34. Let d(l) = 8*l + 111. What is the remainder when j is divided by d(-13)?
3
Suppose -5*i + 9*i = 128. Suppose 6*h - 12 = 4*h + 3*n, 0 = 2*h + 2*n - i. What is the remainder when 44 is divided by h?
8
Let g(i) = -54*i + 2. Let h be g(-5). Let l = h - 67. Calculate the remainder when l is divided by 23.
21
Suppose -5*h - y = -43, 42 = 4*h - 0*h - 3*y. What is the remainder when 39 is divided by h?
3
Suppose -5*g + 3*b = -1383, 0 = -5*b + 25 - 30. Calculate the remainder when g is divided by 33.
12
Let d(s) = -3*s - 2. Let h = -249 - -258. Calculate the remainder when h is divided by d(-2).
1
What is the remainder when 94 is divided by ((-6)/7)/((15/(-14))/15)?
10
Let u(f) = -1. Let z(i) = -i**3 + 7*i**2 + 8*i + 7. Let g(c) = 2*u(c) + z(c). Calculate the remainder when (4/5)/((-4)/(-40)) is divided by g(8).
3
Let l be (-1 - 4) + (5 - 2) - -2. Suppose l = 2*s - 27 - 37. Calculate the remainder when 94 is divided by s.
30
Let v(c) = -c**3 - 5*c**2 - 7*c - 4. Let k(f) = -1 - 2*f**2 + 0*f**2 - 5*f + 4*f**2. Calculate the remainder when v(-5) is divided by k(4).
9
Suppose 3*k = -2*i + 75, 0*i - 35 = -k - 4*i. Let o(y) = 10*y + 3. Let w be o(-4). Let u = w - -81. What is the remainder when u is divided by k?
21
Let h(i) = 2*i**3 - 5*i**2 - i - 21. Let q be 2*((-11)/(-2) - 3). What is the remainder when h(q) is divided by 26?
21
Suppose -7*s + 525 = 315. What is the remainder when s is divided by 12?
6
Suppose 6*x + 4 = -44. Let t(f) = -7*f - 3. Calculate the remainder when t(x) is divided by 18.
17
Suppose -16 = 4*h, -3*h = p + 2*h + 5. Let s = 13 + -11. Suppose s*a + a = -q + 53, -2*a + 6 = 0. What is the remainder when q is divided by p?
14
Suppose -f + 202 = -7*q + 3*q, 0 = -5*q - 15. What is the remainder when 1/(((-15)/f)/(-3)) is divided by 13?
12
Let v(p) = -p**2 + 9*p - 12. Suppose -4*w + 2 + 18 = 0. What is the remainder when 22 is divided by v(w)?
6
Let h = 435 + -419. What is the remainder when 77 is divided by h?
13
Suppose -5*y = -4*m - 148, -150 = -2*y - 3*y + 5*m. Let r(p) = 4*p + 2*p**2 + 3*p + 1 + 4 + p. What is the remainder when y is divided by r(-5)?
13
Suppose 116*x - 113*x - 756 = 0. Calculate the remainder when x is divided by 23.
22
Let b(i) = 3*i**2 + 4*i + 4. What is the remainder when 35 is divided by b(-3)?
16
Suppose -5*r = -2*x + 24, 5*r + 12 = 2*x + 3*r. Suppose 2*z = 3*c + 44, -z - x*z - 3*c + 51 = 0. Calculate the remainder when z is divided by 10.
9
Suppose 0 = -11*r + 839 - 179. What is the remainder when r is divided by 47?
13
Let i be (-6 - -7)/(1*-1). Let o be i - -3 - -2 - 2. Suppose -4 = -0*x - o*x. Calculate the remainder when 3 is divided by x.
1
Calculate the remainder when 90 is divided by 14/21*(22 - -2).
10
Let k = 730 - 355. Calculate the remainder when k is divided by 90.
15
Suppose 0*j = -3*j. Suppose 2 = -j*q - 2*q. What is the remainder when 47 is divided by (1/q)/(1/(-17))?
13
What is the remainder when (-72436)/(-312) - (1/6)/1 is divided by 9?
7
Let j = -6 - -21. Suppose 4*z + 2*q = 1152, -4*z + 5*q + 1071 + 81 = 0. Suppose -b + 5*b = z. What is the remainder when b is divided by j?
12
Suppose -2*p - 16 = -4*p. Suppose a + 6*a - 168 = 0. Calculate the remainder when p is divided by -1*7/((-28)/a).
2
Let j(f) = -7*f - 1. Let v(a) = -4*a. Let y(d) = -3*j(d) + 5*v(d). Let p = -9 + 15. What is the remainder when y(7) is divided by p?
4
Let i = -2178 + 2317. Calculate the remainder when 970 is divided by i.
136
What is the remainder when 5 + (0 - -30) + -3 + -4 is divided by 15?
13
Let m = 1306 - 446. Calculate the remainder when m is divided by 7.
6
Let h(i) = 4*i**2 - 2*i - 2. Suppose -5*d + 4*b + 56 = 0, d + 4*b - 11 = 5*b. Let l = d - 10. Calculate the remainder when 38 is divided by h(l).
8
Suppose 38 = 2*l + 12. Let j(x) = -2*x + 19. Let r be j(10). Let o = r + 5. Calculate the remainder when l is divided by o.
1
Suppose 50*u - 778 = -78. What is the remainder when 32 is divided by u?
4
Let l(o) = -o**2 - 1. Let z be l(3). Let d be (-14)/(-2) - (-7 - z). Suppose -m + 26 = d*w, -3*m + 60 + 11 = 5*w. What is the remainder when 41 is divided by m?
19
Let r = -31 - -29. Calculate the remainder when (-6 + 14)*r/((-16)/22) is divided by 6.
4
Let q = 324 - 290. What is the remainder when q is divided by 9?
7
Let n(k) = -k**3 + 6*k**2 + 8*k + 7. Let g be n(7). Suppose g = -3*b - 49. What is the remainder when 53 is divided by 218/8 + b/(-28)?
25
Suppose -2*u + 162 = u. Let p be -4 - -3 - (0 + -65). Suppose -m + 5*m - p = 4*v, 4*v + 8 = 0. Calculate the remainder when u is divided by m.
12
Suppose -11*i = -17*i. Suppose i = 42*s - 37*s - 30. What is the remainder when s is divided by 2?
0
Let s = 1 - -294. What is the remainder when s is divided by 11?
9
Suppose 3*z - 78 = -2*w - 10, -4*z + 2*w = -72. Calculate the remainder when z is divided by 11.
9
Suppose